actors of 180753.
3, 60251
List the prime factors of 1303252.
2, 325813
What are the prime factors of 1598799?
3, 17, 23, 29, 47
What are the prime factors of 366996?
2, 3, 7, 17, 257
List the prime factors of 12540640.
2, 5, 7, 11197
List the prime factors of 386646.
2, 3, 13, 4957
What are the prime factors of 45163?
19, 2377
What are the prime factors of 439722?
2, 3, 17, 479
What are the prime factors of 12809?
12809
What are the prime factors of 25525?
5, 1021
List the prime factors of 144874.
2, 17, 4261
What are the prime factors of 71952?
2, 3, 1499
List the prime factors of 222099.
3, 101, 733
What are the prime factors of 35560907?
347, 102481
What are the prime factors of 1278246?
2, 3, 163, 1307
List the prime factors of 6081569.
13, 467813
List the prime factors of 128440.
2, 5, 13, 19
What are the prime factors of 316281?
3, 7, 15061
List the prime factors of 4382307.
3, 486923
What are the prime factors of 378573?
3, 13, 17, 571
List the prime factors of 1110036.
2, 3, 92503
What are the prime factors of 1223449?
1223449
What are the prime factors of 158674?
2, 79337
List the prime factors of 28014.
2, 3, 7, 23, 29
List the prime factors of 34150226.
2, 11, 29, 53527
What are the prime factors of 177007?
177007
List the prime factors of 1355225.
5, 151, 359
List the prime factors of 13579389.
3, 71, 79, 269
List the prime factors of 63726.
2, 3, 13, 19, 43
List the prime factors of 3576208.
2, 101, 2213
List the prime factors of 2676627.
3, 297403
What are the prime factors of 159702?
2, 3, 43, 619
What are the prime factors of 8143390?
2, 5, 31, 109, 241
List the prime factors of 1219283.
13, 71, 1321
List the prime factors of 3009017.
11, 17, 16091
What are the prime factors of 949015?
5, 59, 3217
What are the prime factors of 560894?
2, 107, 2621
What are the prime factors of 446001?
3, 148667
What are the prime factors of 305312?
2, 7, 29, 47
What are the prime factors of 249596?
2, 23, 2713
List the prime factors of 913083.
3, 19, 83, 193
What are the prime factors of 1166936?
2, 199, 733
List the prime factors of 2362511.
103, 22937
What are the prime factors of 47487?
3, 11, 1439
What are the prime factors of 49078?
2, 53, 463
List the prime factors of 36462797.
7, 23, 37, 6121
List the prime factors of 205749.
3, 22861
List the prime factors of 10283904.
2, 3, 79, 113
What are the prime factors of 340922?
2, 373, 457
What are the prime factors of 10288326?
2, 3, 71, 24151
List the prime factors of 286910.
2, 5, 13, 2207
What are the prime factors of 90446?
2, 41, 1103
List the prime factors of 240314.
2, 120157
List the prime factors of 1303289.
13, 29, 3457
What are the prime factors of 188896?
2, 5903
List the prime factors of 558842.
2, 279421
What are the prime factors of 211698?
2, 3, 19, 619
List the prime factors of 6969070.
2, 5, 696907
List the prime factors of 11548643.
101, 114343
List the prime factors of 154372.
2, 38593
List the prime factors of 1180134.
2, 3, 65563
List the prime factors of 8165651.
13, 628127
List the prime factors of 212579.
212579
What are the prime factors of 5068949?
191, 26539
List the prime factors of 17194551.
3, 11, 521047
What are the prime factors of 801350?
2, 5, 11, 31, 47
List the prime factors of 46254.
2, 3, 13, 593
What are the prime factors of 14063347?
29, 337, 1439
What are the prime factors of 6250251?
3, 7, 31, 9601
List the prime factors of 11829812.
2, 41, 53, 1361
List the prime factors of 7041380.
2, 5, 352069
What are the prime factors of 4755229?
4755229
What are the prime factors of 33238165?
5, 47, 141439
List the prime factors of 108284.
2, 11, 23, 107
What are the prime factors of 217164?
2, 3, 18097
List the prime factors of 13431701.
23, 397, 1471
What are the prime factors of 30526?
2, 15263
What are the prime factors of 86700?
2, 3, 5, 17
What are the prime factors of 1699996?
2, 157, 2707
What are the prime factors of 327855?
3, 5, 11, 1987
What are the prime factors of 1584842?
2, 7, 17, 6659
List the prime factors of 8747667.
3, 823, 1181
What are the prime factors of 1407412?
2, 331, 1063
List the prime factors of 589001.
7, 84143
List the prime factors of 672552.
2, 3, 9341
What are the prime factors of 12509156?
2, 11, 107, 2657
What are the prime factors of 1288914?
2, 3, 11, 59, 331
What are the prime factors of 84951?
3, 9439
What are the prime factors of 5335070?
2, 5, 13, 41039
List the prime factors of 2935535.
5, 587107
List the prime factors of 173672.
2, 17, 1277
What are the prime factors of 615816?
2, 3, 2851
What are the prime factors of 407630?
2, 5, 40763
What are the prime factors of 5271?
3, 7, 251
List the prime factors of 13199437.
29, 191, 2383
What are the prime factors of 244148?
2, 67, 911
List the prime factors of 1651607.
23, 71809
What are the prime factors of 8639?
53, 163
What are the prime factors of 249529?
7, 43, 829
List the prime factors of 1576570.
2, 5, 37, 4261
List the prime factors of 460677.
3, 7, 21937
What are the prime factors of 342409?
43, 7963
What are the prime factors of 43963?
43963
List the prime factors of 8323485.
3, 5, 554899
List the prime factors of 1599155.
5, 319831
What are the prime factors of 34504064?
2, 7, 97, 397
List the prime factors of 9735255.
3, 5, 37, 1949
List the prime factors of 186405.
3, 5, 17, 43
List the prime factors of 860628.
2, 3, 71719
List the prime factors of 297729.
3, 11027
List the prime factors of 11533.
19, 607
What are the prime factors of 226835?
5, 7, 6481
List the prime factors of 1372020.
2, 3, 5, 13, 1759
List the prime factors of 45804.
2, 3, 11, 347
List the prime factors of 259674.
2, 3, 113, 383
What are the prime factors of 1520592?
2, 3, 79, 401
What are the prime factors of 245621?
245621
What are the prime factors of 2620111?
13, 201547
What are the prime factors of 844351?
844351
What are the prime factors of 1307530?
2, 5, 7, 18679
What are the prime factors of 4758682?
2, 2379341
What are the prime factors of 360066?
2, 3, 7, 8573
What are the prime factors of 1580963?
313, 5051
List the prime factors of 525824.
2, 13, 79
What are the prime factors of 7102003?
277, 25639
List the prime factors of 44665.
5, 8933
List the prime factors of 110510.
2, 5, 43, 257
What are the prime factors of 526887?
3, 58543
What are the prime factors of 114632?
2, 7, 23, 89
List the prime factors of 25063082.
2, 11, 59, 19309
List the prime factors of 488040.
2, 3, 5, 7, 83
What are the prime factors of 625380?
2, 3, 5, 7, 1489
List the prime factors of 1291429.
31, 41659
List the prime factors of 13482554.
2, 23, 293099
List the prime factors of 6250354.
2, 11, 19, 787
List the prime factors of 18496570.
2, 5, 1151, 1607
List the prime factors of 351615.
3, 5, 11, 2131
What are the prime factors of 563279?
97, 5807
List the prime factors of 316414.
2, 7, 97, 233
List the prime factors of 11641023.
3, 241, 1789
What are the prime factors of 712895?
5, 17, 8387
List the prime factors of 1100586.
2, 3, 59, 3109
What are the prime factors of 103811?
103811
List the prime factors of 150628.
2, 37657
List the prime factors of 162880.
2, 5, 509
What are the prime factors of 39775?
5, 37, 43
What are the prime factors of 1566743?
1566743
What are the prime factors of 1199799?
3, 37, 1201
List the prime factors of 184330.
2, 5, 18433
What are the prime factors of 27733577?
661, 41957
What are the prime factors of 16994685?
3, 5, 1132979
What are the prime factors of 597765?
3, 5, 7, 5693
List the prime factors of 8281698.
2, 3, 1380283
List the prime factors of 37730576.
2, 13, 181397
What are the prime factors of 2678419?
23, 101, 1153
What are the prime factors of 307465?
5, 61493
What are the prime factors of 14945333?
13, 1149641
What are the prime factors of 819105?
3, 5, 7, 29, 269
What are the prime factors of 176194?
2, 37, 2381
List the prime factors of 252925.
5, 67, 151
What are the prime factors of 4956279?
3, 883, 1871
List the prime factors of 448219.
439, 1021
What are the prime factors of 21469104?
2, 3, 49697
What are the prime factors of 236534?
2, 227, 521
What are the prime factors of 1292597?
1292597
List the prime factors of 1681123.
41, 131, 313
List the prime factors of 26199.
3, 41, 71
List the prime factors of 229746.
2, 3, 11, 59
What are the 